e 1960521195?
True
Is 746 a factor of 132401572?
True
Is 17 a factor of 682588?
False
Does 4 divide 10934044?
True
Does 88 divide 598167100?
False
Is 80 a factor of 1393105440?
True
Is 69735869 a multiple of 47?
False
Is 39950581 a multiple of 11?
True
Does 10 divide 66692160?
True
Is 139504912 a multiple of 397?
False
Does 192 divide 358618122?
False
Does 506 divide 26550269?
False
Is 2183 a factor of 21205662?
True
Is 216734076 a multiple of 39?
True
Is 15478197 a multiple of 118?
False
Is 80563814 even?
True
Is 5 a factor of 5840295?
True
Does 868 divide 8738156?
True
Is 126272197 a multiple of 71?
False
Does 18 divide 6104520?
True
Is 59603187 a multiple of 94?
False
Is 4997686 a multiple of 866?
True
Is 48 a factor of 97555284?
False
Does 2736 divide 10383120?
True
Is 1759303347 a multiple of 50?
False
Is 267439477 a multiple of 25?
False
Does 649 divide 89425805?
False
Does 189 divide 46389533?
False
Is 236839861 a multiple of 234?
False
Is 33488724 a multiple of 12?
True
Does 99 divide 332068774?
False
Does 13 divide 329170166?
True
Is 40 a factor of 27629604?
False
Is 14507577 a multiple of 30?
False
Does 136 divide 35100920?
True
Is 13238238 a multiple of 13?
True
Is 536505761 a multiple of 19?
False
Is 1695332304 a multiple of 444?
True
Does 48 divide 165135312?
True
Is 411 a factor of 94909353?
True
Is 534 a factor of 960165960?
False
Does 85 divide 31353100?
True
Is 52 a factor of 201818192?
False
Is 853 a factor of 1230123242?
True
Is 2807 a factor of 60757515?
True
Does 278 divide 22432932?
True
Is 46713 a multiple of 4?
False
Is 36 a factor of 2842543214?
False
Is 48 a factor of 109319856?
True
Does 3128 divide 4298000248?
True
Is 27 a factor of 16658751?
False
Is 13 a factor of 2824341?
True
Is 25482219 a multiple of 3?
True
Is 3 a factor of 19421298?
True
Is 580 a factor of 184852126?
False
Is 180 a factor of 50370480?
True
Is 29 a factor of 966827781?
True
Is 723 a factor of 3521665952?
False
Is 154 a factor of 2379258759?
False
Is 341 a factor of 254105717?
False
Is 76168750 a multiple of 25?
True
Does 3 divide 325987161?
True
Is 295790120 a multiple of 460?
True
Does 96 divide 6332138?
False
Is 2723 a factor of 750618433?
False
Is 3192263567 a multiple of 122?
False
Is 97822940 a multiple of 131?
True
Is 1594376 a multiple of 8?
True
Is 66 a factor of 19095252?
True
Does 7 divide 2276838?
False
Does 150 divide 57468199?
False
Is 11 a factor of 65926439?
False
Does 395 divide 2387775?
True
Does 947 divide 98260720?
True
Is 25 a factor of 328618866?
False
Is 85024232 a multiple of 28?
False
Is 239960340 a multiple of 1041?
False
Does 3 divide 55285991?
False
Is 10214032 a multiple of 55?
False
Does 25 divide 168462725?
True
Is 1070 a factor of 79201400?
True
Does 831 divide 81577386?
False
Is 5617226 a multiple of 179?
False
Does 87 divide 106781853?
False
Does 23 divide 32473338?
False
Is 33415300 a multiple of 50?
True
Is 4586884789 a multiple of 423?
False
Is 6178 a factor of 87690532?
True
Is 11 a factor of 482164305?
False
Is 278648334 a multiple of 1814?
False
Is 3199 a factor of 3086644722?
True
Does 110 divide 2837340?
True
Is 5 a factor of 562438120?
True
Is 32 a factor of 215322594?
False
Is 28903147 a multiple of 58?
False
Is 1316947 a multiple of 83?
False
Does 18 divide 17091387?
False
Is 143508415 a multiple of 2515?
True
Does 652 divide 246651600?
True
Is 626 a factor of 167914484?
True
Is 26 a factor of 34977623?
False
Does 15 divide 116147895?
True
Is 46932231 a multiple of 283?
False
Is 400 a factor of 25487331?
False
Is 785393302 a multiple of 629?
True
Is 602 a factor of 109653268?
False
Is 2436 a factor of 77957448?
False
Is 205 a factor of 141811196?
False
Is 6813 a factor of 842225790?
False
Is 694130325 a multiple of 3325?
True
Is 68214590 a multiple of 2831?
False
Is 615 a factor of 286614090?
False
Is 6714360 a multiple of 45?
True
Is 66 a factor of 58145538?
True
Is 36 a factor of 2485543689?
False
Is 409 a factor of 985112880?
False
Is 6 a factor of 20323059?
False
Is 5064182 a multiple of 281?
True
Is 9 a factor of 5534123?
False
Is 371985240 a multiple of 110?
True
Is 27 a factor of 68983893?
True
Is 18081993 a multiple of 140?
False
Is 263050608 a multiple of 33?
False
Does 1032 divide 47770742?
False
Is 10 a factor of 134075342?
False
Does 214 divide 161618578?
True
Does 3501 divide 702888768?
True
Is 1056867096 a multiple of 47?
False
Is 13 a factor of 51674747?
False
Is 210381280 a multiple of 160?
True
Is 39377130 a multiple of 767?
False
Does 5147 divide 1881057266?
False
Is 244 a factor of 64564596?
True
Is 66874987 a multiple of 9?
False
Does 2209 divide 46497241?
True
Does 255 divide 41562723?
False
Is 21 a factor of 2208926?
False
Does 34 divide 153906623?
False
Is 14 a factor of 54333278?
False
Is 53954379 a multiple of 10?
False
Is 2 a factor of 2025216?
True
Is 33 a factor of 436745810?
False
Is 45614477 a multiple of 43?
False
Is 188 a factor of 65119252?
True
Is 124916312 a multiple of 802?
True
Does 2307 divide 25131329?
False
Is 32718435 a multiple of 23?
False
Is 3665207 a multiple of 13?
True
Is 15055953 a multiple of 83?
False
Is 1124 a factor of 21623512?
True
Is 87 a factor of 151728?
True
Is 1529848116 a multiple of 542?
True
Is 57 a factor of 793795390?
False
Is 14 a factor of 586064430?
True
Is 10 a factor of 240162030?
True
Is 7928 a factor of 2178186288?
True
Does 97 divide 137827300?
True
Does 52 divide 8609355404?
True
Is 59 a factor of 132368801?
True
Is 37 a factor of 26740976?
False
Is 39 a factor of 124532200?
False
Does 49 divide 120828127?
False
Does 38 divide 1843542906?
True
Is 1460 a factor of 32268920?
True
Is 5 a factor of 33975679?
False
Does 1046 divide 649423744?
True
Does 78 divide 31204602?
True
Is 898 a factor of 757759340?
True
Is 27328077 a multiple of 3?
True
Does 7 divide 3959546116?
False
Is 220902825 a multiple of 215?
True
Does 79 divide 3229223197?
True
Is 18 a factor of 4850535888?
True
Does 76 divide 63885762?
False
Is 22 a factor of 100748986?
False
Is 306 a factor of 250819362?
False
Is 272259050 a multiple of 1426?
True
Is 39 a factor of 166244793?
True
Does 6 divide 399479313?
False
Does 8 divide 6242337?
False
Does 32 divide 1373897440?
True
Is 87 a factor of 15407336?
False
Is 17659235 a multiple of 2389?
False
Does 523 divide 5088662753?
False
Is 18467437 a multiple of 454?
False
Does 5522 divide 2632740506?
True
Is 70567305 a multiple of 2783?
False
Does 1209 divide 296492220?
False
Is 292 a factor of 12091136?
True
Does 44 divide 63611460?
True
Is 1012212 a multiple of 124?
True
Does 224 divide 711147136?
True
Does 10 divide 51659837?
False
Is 3 a factor of 24106665?
True
Does 34 divide 1622070704?
False
Is 121257146 a multiple of 8837?
False
Does 42 divide 3938172?
True
Is 11129245 a multiple of 150?
False
Is 429 a factor of 11024077?
False
Does 582 divide 59040408?
True
Is 23 a factor of 105249041?
False
Does 1726 divide 250295890?
True
Is 787645 a multiple of 5?
True
Does 232 divide 71245344?
True
Is 2858044 a multiple of 3?
False
Does 43 divide 189554793?
True
Does 119 divide 5464480?
True
Is 1821455493 a multiple of 697?
False
Is 539909000 a multiple of 236?
True
Is 39153011 a multiple of 207?
False
Is 1266 a factor of 31629744?
True
Does 29 divide 154233919?
True
Does 1795 divide 422248000?
False
Is 342956048 a multiple of 24?
False
Is 107 a factor of 779416783?
True
Is 132553120 a multiple of 7?
True
Does 166 divide 7511500?
True
Does 19 divide 3215246899?
True
Is 448 a factor of 32203824?
False
Does 37 divide 38769932?
True
Is 27 a factor of 4047192?
True
Does 12 divide 92907326?
False
Does 890 divide 488610?
True
Does 162 divide 152961534?
True
Is 3780150 a multiple of 87?
True
Does 282 divide 812644497?
False
Is 20 a factor of 1514154387?
False
Is 9817038 a multiple of 1386?
True
Does 30 divide 987111990?
True
Is 473 a factor of 16984484?
True
Does 20 divide 180461358?
False
Is 102800100 a multiple of 893?
False
Does 444 divide 110126262?
False
Is 31 a factor of 11724370?
False
Does 24 divide 2389572528?
True
Is 903793526 a multiple of 58?
True
Is 5592 a factor of 148143264?
True
Does 1190 divide 3692172540?
True
Does 30 divide 18521099?
False
Is 102 a factor of 26267346?
True
Is 149 a factor of 29021995?
False
Is 21 